894. Calculate the remainder when r is divided by 59.
56
Calculate the remainder when 19 is divided by 1920/108 - (-2)/(-18)*-2.
1
Suppose 4*i + 3 = -z, -3*i = -2*z + z + 4. Let u = 25 + -60. Calculate the remainder when 0 - 2 - (u - z) is divided by 9.
7
Let t(s) = 0*s - s + s**3 - 6*s**2 + 0*s - 2. Calculate the remainder when t(7) is divided by 21.
19
Suppose 0 = -6*a + 1309 - 313. Calculate the remainder when a is divided by 44.
34
Suppose 0 = -4*r - 2*k + 650 + 118, 4*r + 3*k = 764. Calculate the remainder when r is divided by 51.
41
Let f = -21 - -77. What is the remainder when 614 is divided by f?
54
Let c(a) = a**3 + a**2 - a + 11. Let i be c(0). Let h(b) = -9 - i*b + 6*b - 6*b. Calculate the remainder when h(-6) is divided by 15.
12
Suppose -11*m + 50 = -6*m. Let j = 489 + -984. What is the remainder when 12/m*j/(-18) is divided by 9?
6
Suppose 0 = 8*i + 36 - 100. What is the remainder when 156 is divided by i?
4
Suppose 2*k + 4*r + 92 = 490, 2*k + r = 398. What is the remainder when k is divided by 24?
7
Suppose 4*p - 101 = 5*m, -4*p + 5*p - 14 = -m. What is the remainder when 56 - (1 - (-1 + 2)) is divided by p?
18
Let o(v) = -v + 23. Suppose -17 = -0*q - q. What is the remainder when 12 is divided by o(q)?
0
Suppose 5*u - 17 - 27 = -4*s, -2*u + 21 = 5*s. Let z = 134 + -160. Calculate the remainder when u is divided by 4/1 + 27 + z.
3
What is the remainder when 81 is divided by 2*(-6 + (5 - 2)) + 27?
18
Let x(c) = 8*c**2 - c + 3. Let j(n) = -n**2 + n - 1. Let a(o) = 3*j(o) + x(o). Let b = -130 - -156. What is the remainder when a(3) is divided by b?
25
Let v = -76 + 91. What is the remainder when 63 is divided by v?
3
Calculate the remainder when (3/(-3))/(4/(-940)) is divided by 14.
11
Let y(a) = 2*a**2 - 8*a + 7. Let k(l) = -l**2 - l + 5. Let z be k(0). Suppose -4 = s - 36. What is the remainder when s is divided by y(z)?
15
Let u = -9 - -58. Suppose -4*l + u = c - 28, 0 = -4*l + 4*c + 92. Suppose y = m + 35, -4*y + y + 121 = 5*m. Calculate the remainder when y is divided by l.
17
Calculate the remainder when 163 is divided by 66/2 - (66 + -74).
40
Let y(b) = 2*b**3 - 10*b**2 + 4*b + 10. Let j be y(5). Suppose 0 = -6*d + 132 + j. Calculate the remainder when d is divided by 6.
3
Let p = -29 - -34. Suppose p*u + 7 = 52. What is the remainder when u is divided by 3?
0
Let p = -11 - -98. Let j(i) = i**3 - 7*i**2 + 9*i - 7. What is the remainder when p is divided by j(6)?
10
Let v = 12686 - 12668. Let l(y) = -y + 12. Let f(c) = 1. Let b(r) = f(r) + l(r). Calculate the remainder when v is divided by b(8).
3
Let c be (0 - -1)/(7/245). Suppose -d + c = 4*d. Let i(g) = -4*g + 2. Calculate the remainder when i(-6) is divided by d.
5
Let w be -21*((-4)/(-3))/4. Let l(x) = -9 - 9*x + 8*x + x - 2*x. Calculate the remainder when 7 is divided by l(w).
2
Let l(g) = g**2 - 4*g. Let z be l(7). Let a = z - 19. Suppose -a*m + 11 + 13 = 0. Calculate the remainder when 46 is divided by m.
10
Let u be 3/(-6)*-12 - (-2)/2. Suppose -4*n = -5*v - 36, 4*n - u*n + 27 = 2*v. What is the remainder when n is divided by 4?
1
Let w(j) = 2*j**2 - 124*j + 372. Suppose -4*d - 4*g + 188 = -g, g + 154 = 3*d. Calculate the remainder when d is divided by w(59).
14
Calculate the remainder when (-2)/(-4) + -1304*15/(-240) is divided by 15.
7
Let l(y) = -41*y - 23. What is the remainder when 35 is divided by l(-1)?
17
Suppose -8*v + 82 = -3*v + 3*w, -4*v - w + 67 = 0. Let a = 592 + -565. What is the remainder when a is divided by v?
10
Let q = 2883 - 2840. Suppose -3*l - l - i + 513 = 0, 3*l - 4*i - 380 = 0. What is the remainder when l is divided by q?
42
Let m(y) = y**3 + 5*y**2 + 3. Let h(q) = 2*q**2 + 7*q + 6. Let o be h(-4). Suppose -6 - o = 4*i. What is the remainder when 37 is divided by m(i)?
18
Let s = 8 - 8. Suppose 0*q - 2*q + 42 = s. Suppose 2*l = -4*n - l + 47, 0 = 2*n + l - 23. Calculate the remainder when q is divided by n.
10
Let d(o) = 3*o**2 - 29*o - 159. What is the remainder when d(-5) is divided by ((-8)/3)/(1/(-6))?
13
Let m(d) = 4*d. Calculate the remainder when (1430/(-455))/(1/(-14)) is divided by m(3).
8
Let v = 562 + -531. What is the remainder when 169 is divided by v?
14
Suppose 2 = -p + 7. Calculate the remainder when 37 is divided by p.
2
Let s(t) = t**2 + t - 9. Suppose 3*a + 9 = -0*a, -4*x + 3*a + 25 = 0. What is the remainder when (-56 + 2)/(3 - 4) is divided by s(x)?
10
Suppose 21*i - 16*i = -30. Let r = i + 12. Suppose -10 = y - r*y. Calculate the remainder when y is divided by 2.
0
Let m = 342 - 290. What is the remainder when m is divided by 16?
4
Suppose -m - 7 = 23. Let o = 58 - m. What is the remainder when o is divided by 273/9 + 2/(-6)?
28
Let h(c) = -2*c - 1. Let u be h(-6). Let t = -9 + u. Suppose p = -q + 1, -5*p + t*p = 5*q - 5. Calculate the remainder when 2 is divided by q.
0
Let l = -295 + 316. Calculate the remainder when 173 is divided by l.
5
Suppose 4*x = -126*i + 128*i - 102, 2*i = -x + 77. What is the remainder when i is divided by 6?
5
Let u = 103 + -55. What is the remainder when 139 is divided by u?
43
Let z = -1374 - -1404. What is the remainder when 258 is divided by z?
18
Suppose 68 + 192 = 5*z. What is the remainder when 64 is divided by z/8*(-6)/(-3)?
12
Let t = -295 + 332. Let b(r) = r**3 + 6*r**2 - 3*r + 1. Let g = 6 - 12. Calculate the remainder when t is divided by b(g).
18
Suppose 0*u + 5 = u, 3*z - 4*u + 20 = 0. Suppose z = 3*f - 0*f - 96. Suppose 4*n = 8*n - f. Calculate the remainder when n is divided by 5.
3
Suppose 7*o - 6*o - 2*l = 33, 4*o = -l + 114. Calculate the remainder when 141 is divided by o.
25
Suppose 0*w - 30 = -w. Suppose 82 = 4*u - w. Suppose 0 = 5*x - 45 - 5. What is the remainder when u is divided by x?
8
Let f(v) = -v**3 - 17*v**2 - 33*v - 31. What is the remainder when 69 is divided by f(-15)?
13
Calculate the remainder when 1016 is divided by -42 - -47 - (-4)/(0 + 1).
8
Suppose -4*t + 2 = -9*t + 3*k, 26 = 3*t + 5*k. Suppose 5*n = -5*o + 25, t*n + 16 = 5*n + 4*o. What is the remainder when 23 is divided by n?
3
Suppose w + 5*u + 105 = 0, -w + u = 2*w + 395. Let n = w + 185. Let f(i) = -i**3 - 6*i**2 - 7*i - 3. What is the remainder when n is divided by f(-5)?
6
Let n be (-21)/35 + 214/(-10). Let c = n - -30. Suppose 0 = 2*q - 0 - c. Calculate the remainder when 5 is divided by q.
1
Let k be (12/10)/(12/40). Suppose 4*u - k*m = 100, 3*u - 2*u = -m + 19. Let w = 26 - -59. What is the remainder when w is divided by u?
19
Calculate the remainder when (-54096)/(-231) - (96/44 + -2) is divided by 73.
15
Suppose 0*r = 5*r. Let d(p) = -p + 4. Let z be d(r). Suppose z*s = 3*s + 21. Calculate the remainder when 83 is divided by s.
20
Suppose 2*x = -q + 4*q + 36, 5*q - 65 = -5*x. Suppose 89 = 4*y - 5*m, -3*y + m + 60 = 4*m. What is the remainder when y is divided by x?
6
Let w(d) = d**3 + 9*d**2 + 8*d + 11. Let a = 37 - 45. Let s(m) = -m**2 + m + 20. What is the remainder when s(0) is divided by w(a)?
9
Let n(l) = 9*l**3 + 5*l**2 - 2*l - 4. Let g(f) = -7*f**3 - 5*f**2 + f + 5. Let x(u) = 3*g(u) + 2*n(u). Calculate the remainder when 32 is divided by x(-2).
6
Let p(o) = -o**3 - 3*o**2 + 23. Suppose 4 = -4*j + 24. Calculate the remainder when p(-4) is divided by j.
4
Suppose -8*f + 1169 - 1 = 0. What is the remainder when f is divided by 19?
13
Let i = -6 - -9. Let q = -904 - -908. What is the remainder when q is divided by i?
1
Let b = 70 - 11. Let l = 57 - 55. Let q(h) = 4*h**2 - h + 6. What is the remainder when b is divided by q(l)?
19
Let y be 4/(-6) + 693/27. Suppose -3*i = 3*x - 57, 3*x + 4*i - y = 29. What is the remainder when 64 is divided by x?
20
Suppose 6*b + 288 = -2*b. What is the remainder when b/(-10)*180/24 is divided by 8?
3
Suppose 26*c - 23*c - 36 = 0. Let g = -5 + c. Calculate the remainder when 13 is divided by g.
6
Suppose 891*n - 888*n - 24 = 0. Let k be (-474)/(-8) + (-3)/12. Let r = k + -29. Calculate the remainder when r is divided by n.
6
Suppose 0 = 78*x - 117*x + 3198. Calculate the remainder when 323 is divided by x.
77
Let f be -28*(1 - 28/16)*-1. What is the remainder when 2/(((-4)/43)/(-2)) is divided by -6*f/9 - (2 + 1)?
10
Suppose -5*t + 3*z = -547, -2*z + 3*z = -4*t + 424. Let p = t - 97. Let s = -6 - -12. Calculate the remainder when p is divided by s